t**x + 0. What is m(-5)?
6
Let r(a) = -10*a**2 + 14*a**2 + a**3 - 7*a**2 - 3 - 2*a. Calculate r(4).
5
Let o(s) = s - 14. Suppose 0 = 3*l - 9 - 12. What is o(l)?
-7
Suppose 1 = -4*a - 19. Let h(f) = f + 5. Calculate h(a).
0
Suppose 0 = r - 2, 0*r = 5*k + 5*r + 20. Let b = 3 + k. Let h(w) = 2*w**2 + 2*w - 4. Give h(b).
8
Let u(g) = -g**2 - 3*g - 1. Suppose 4*i = -f - 0*f - 12, 3 = -i + f. Give u(i).
-1
Suppose 19 = 5*a + 4. Let c = a - 8. Let b(f) = -4 - 2 - 1 - 8*f - f**2. Calculate b(c).
8
Let z(s) = s**3 + 4*s**2 + s - 9. Let u be z(-3). Let l(k) = -5*k. Calculate l(u).
15
Let g be 4 - ((-1)/1 + 1). Let r(k) = 4*k**2 - 2 - 3*k**2 - k - 4*k**2 + 4*k**2. Calculate r(g).
10
Let u(j) = j**3 + 4*j**2 + 3*j + 3. Let h be -12 + 2*2/4. Let m = h + 15. Let n be -6*-1*(-2)/m. Give u(n).
3
Let t = -17 + 24. Let z(f) = -t*f**2 - f + 0*f + f**2. Suppose 13*o = 6*o + 7. Calculate z(o).
-7
Suppose -4*a + 12 = 0, 2*f - 4 - 1 = a. Let z(l) = -2*l - 3*l**2 + l**3 - 5 - l**2 + f. Suppose 0 = 31*n - 147 + 23. Determine z(n).
-9
Let v(p) be the second derivative of p**3/6 - 3*p**2/2 - p. Let k(w) = 2. Let o be 4/(-18) + 38/9. Let z(g) = o*k(g) + 3*v(g). Determine z(-2).
-7
Let u(n) = n**2. Let s(i) = -i**3 - 34*i**2 + i + 34. Let b be s(-34). Calculate u(b).
0
Let k(b) = -b**2 + 5*b + 1. Let a be (2/5)/((-4)/(-60)). Let r be k(a). Let w(o) = 3*o**2 - 3*o + 8*o - 2*o**2 - 6. Calculate w(r).
-6
Let m(i) be the third derivative of 2*i**2 + 0*i + 0 + 0*i**4 - 1/24*i**6 + 0*i**3 + 0*i**5. Suppose 5*w + 2 = -3. Calculate m(w).
5
Let y(v) = -v - 2. Let x(p) be the first derivative of -p**2/2 - p - 3. Let u(f) = -5*x(f) + 4*y(f). What is u(5)?
2
Let u(c) be the second derivative of -c**5/20 - c**4/12 - 23*c**2/2 + 8*c. Calculate u(0).
-23
Let b(d) be the first derivative of -2*d - 1/5*d**5 + 1/2*d**2 + 0*d**3 + 1 - 1/12*d**4. Let y(a) be the first derivative of b(a). Determine y(-1).
4
Let v be 1/(-1)*(0 - 1). Suppose -13 - v = -2*h. Let p = h + -11. Let j(k) = 3*k + 6. Give j(p).
-6
Suppose 0 = 3*i + 5*i + 32. Let d(j) = j**3 + 4*j**2 + j - 2. What is d(i)?
-6
Let c(n) = n**3 - 4*n**2 - 7*n + 3. Let h(d) = d**2 + 2*d + 5. Let w be h(0). Calculate c(w).
-7
Let i(s) = 5*s**3 - 8*s**2 - 12*s + 13. Let j(p) = 9*p**3 - 16*p**2 - 23*p + 25. Let f(g) = 11*i(g) - 6*j(g). Determine f(-7).
0
Let r(d) be the second derivative of -2*d**3/3 + d**2/2 - d. Determine r(4).
-15
Let h(f) = -f**2 - 10*f - 1. Let n be h(-10). Let p be (n/1)/((-1)/3). Let v(x) = x - p*x - 3 + 3. Give v(-2).
4
Suppose -3*r - 1 = -4. Suppose r = y - 2. Let o(a) = -a + 3. Determine o(y).
0
Let c(w) = 1 + 3*w + 6*w**3 + 3*w - 5*w**3 - 6*w**2. Determine c(5).
6
Let h(b) be the first derivative of 1 + 0*b - 5/3*b**3 - 1/2*b**2. Give h(-1).
-4
Let l(r) = r**2 - 16 + 6*r + 11 + 8. Calculate l(-3).
-6
Let l(p) = 1 - 16*p - 2*p**2 - 1 + 19*p. Calculate l(3).
-9
Suppose -4*g - 2*z + 0 = -12, -9 = 3*g - 3*z. Let r(q) = 1 - g + q - 10*q**2 + 0 - 1. Determine r(1).
-10
Let s(x) = -x**3 - 3*x**2 - 3*x - 2. Let c be (-15)/(-1 - -4) + 2. Let u be -14*1*c/6. Let a = 4 - u. Give s(a).
7
Let x(h) = -3*h + 10. Let r = -2 + -1. Let g(v) = 2*v - 9. Let f(w) = r*x(w) - 4*g(w). Suppose -3*m = m + 20. Calculate f(m).
1
Suppose -2*u - 6 = -3*w - 14, -2*w + 1 = 5*u. Let l(a) = a + 2. Let c be l(u). Let j(r) = r - 2. Give j(c).
1
Let c = 84 - 127. Let m be c/3 - 2/3. Let u be (-1)/(-2 - m/9). Let t(i) = -i**2 + 4*i - 3. Determine t(u).
0
Suppose l = -6*m + m + 40, 4*l - 41 = -3*m. Let x(f) = -f**3 + 6*f**2 + 6*f + 3. Calculate x(m).
-4
Let j(g) = g**3 - 9*g**2 + 11*g - 9. Let a(d) = -d**3 + 10*d**2 - 12*d + 9. Let m(s) = 2*a(s) + 3*j(s). Determine m(6).
9
Let y be 24/18*(8 - (-2)/(-1)). Let g(j) = -j**3 + 8*j**2 - j. Determine g(y).
-8
Let q(d) = -2*d + 8. Let y(f) = 1. Let t(k) = -q(k) + 4*y(k). Determine t(4).
4
Suppose i - 7 = 3*x, x - 5*x = 4. Suppose 4*l = -16 + i. Let d(c) = -5*c - 24. Let p(g) = g + 5. Let b(a) = 2*d(a) + 11*p(a). Determine b(l).
4
Suppose -4*g + 0*g + 20 = 0. Let a(t) = t**2 - 5*t + 2. Give a(g).
2
Let d(c) = c**3 - 3*c**2 + 4*c - 3. Let o = -42 - -44. Determine d(o).
1
Let b be 4/6 - (-10)/(-6). Let w = b + 1. Let m(r) = r**3 - r**2 - 4. Give m(w).
-4
Let s(b) = -1. Let o(j) = 8. Let u(a) = -a - 1. Let q(k) = -o(k) - 6*u(k). Let t(y) = -q(y) + s(y). Give t(1).
-5
Let d(c) be the third derivative of c**6/60 + c**5/15 + c**4/8 + c**3/6 - 8*c**2. Calculate d(-2).
-5
Let p(n) = n**3 - n + 5. Let t = -60 - -60. What is p(t)?
5
Let j(d) = d - 2. Let n(k) = -k - 4. Let l be n(-4). Let v = -6 - l. Calculate j(v).
-8
Let g(t) = t**3 - 6*t**2 - 2*t + 5. Let u(m) = 3*m**2 + 2*m - 1. Let o be u(1). Suppose -o - 2 = -r. Calculate g(r).
-7
Let d(a) = 3*a - 7. Let q(w) = 3*w + 0*w - 2*w - 2*w + 1. Let y(t) = -d(t) - 4*q(t). What is y(-4)?
-1
Let q(m) = -m**3 + 6*m**2 + 5. Let l be -2*(-1 - (-1 - -1)). Suppose 0*t = t + l. Let f(c) = -2*c**3 - 4*c**2 - 4*c - 2. Let j be f(t). What is q(j)?
5
Let a(b) = 3*b**3 + b - 4*b**3 + b**2 - 3 - 2*b + 2*b. Determine a(0).
-3
Suppose -4*u = 2*p - 8, 0*u + u + 4*p - 2 = 0. Let f(c) = -3 - 4*c - 3*c**2 - 21*c**3 + 11*c**3 + 8*c + 11*c**3. Calculate f(u).
1
Let x(p) = -7*p. Let b(y) be the third derivative of -y**4/3 + y**3/6 + y**2. Let d(t) = 6*b(t) - 7*x(t). What is d(0)?
6
Suppose 3*f + 9 = -3*g, 2*f = -5*g + 4*g - 2. Suppose -f = k - 3. Let d(n) = -2*n**2 + 3*n**k - 4*n - n + 2. Give d(5).
2
Let k(q) = 2*q**2 - 5*q + 5. Let t be k(2). Suppose 3*d + t*v = -3, -2*d - d - v - 11 = 0. Let j(p) be the first derivative of -p**2/2 - p + 1. What is j(d)?
4
Let i(l) = -5*l**3 - 2*l**2 + l - 2. Let v(q) = 4*q**3 + q**2 - q + 1. Let t(g) = g + 6. Let d be t(-9). Let a(z) = d*v(z) - 2*i(z). Give a(-1).
3
Suppose 5*b = 3 - 13. Let j = b + 1. Let u(m) = 7*m**2. What is u(j)?
7
Let q = 16 + -13. Suppose 5*w - q*o - 5 = w, -4*o = -4*w. Let p(k) = 3*k - 6. Give p(w).
9
Let t(b) = 4*b - 810 + 2*b**2 - 2*b + 811. What is t(2)?
13
Let b(m) = -m**2 + 1. Let v(a) = -2*a**3 - 4*a**2 + 4. Let r(z) = 5*b(z) - v(z). What is r(1)?
2
Let z be 0*(1 + 0)*1. Let u(h) = 0*h**2 + 4*h**2 - 5*h**2 - 70*h + 7 + 69*h. What is u(z)?
7
Let g(d) = -2*d + 0*d + 68 - 69. Determine g(2).
-5
Let l(h) = h**2 - 9*h + 10. Let d(x) = x**3 - 9*x**2 - 6*x + 11. Let j(y) = -y**3 + 9*y**2 + 7*y - 10. Let b(i) = -3*d(i) - 4*j(i). Let o be b(10). Give l(o).
-4
Let m(k) = -2*k - 2*k**3 + 2 + k**3 + k**2 - 3*k**2. Suppose 5*l = -3*v - 2*v + 20, 2*v + l - 10 = 0. Suppose v*i + 6 = 3*i. Determine m(i).
6
Let n = 24 + -31. Let d(a) = a**2 + 5*a - 6. Calculate d(n).
8
Let d(u) = -7*u - 1 - 1 + 8*u. Let y(l) = l + 10. Let k be y(-7). Suppose 0*q = -k*c - q + 7, q = c + 3. Determine d(c).
-1
Let p(q) = 4*q + 6. Let c(z) = -5*z - 6. Let d(a) = -5*c(a) - 6*p(a). Give d(5).
-1
Suppose -2*k - 2*k - 68 = 0. Let f = -12 - k. Let q(j) = j**2 - 4*j - 4. Give q(f).
1
Suppose 2*m + 2*d = 5*d + 10, -4*m - 5*d = 2. Let n(g) = 3*g + g**2 + 0*g**m + 3 + 0*g**2 + 0. What is n(-3)?
3
Let u(n) = n + 1. Let z(g) = -g**2 + 5*g - 1. Let m be z(6). What is u(m)?
-6
Suppose -3*z - 5 = -11. Suppose z*q = 2*h, 4*q + 7 = -5*h + 34. Let m(u) = 2*u + 1. Determine m(h).
7
Let l(v) = v**2 + 7*v - 4. Let j(q) = 2*q + 4*q**2 + 4 - 6*q - 5*q**2 - 4*q. Let u(k) = -6*j(k) - 7*l(k). Determine u(0).
4
Let u(d) be the third derivative of 0 + 0*d - 1/24*d**4 + 1/3*d**3 + d**2. Let h = 17 + -14. Determine u(h).
-1
Let k(l) = l**2 + l + 1. Let t(r) = r**2 - 2*r. Let m(h) = 2*k(h) - t(h). Let j be m(-4). Let w(a) = -3*a + a - 1 + 3*a. What is w(j)?
1
Let o = 108 - 104. Let w(p) be the second derivative of -2*p + 1/2*p**3 + 0 + 0*p**2 + 1/4*p**o. Determine w(-2).
6
Let d be 2*(-10)/5 - 2. Let n(b) = 4*b - 8. Let q(v) = -10*v + 20. Let c(j) = -12*n(j) - 5*q(j). What is c(d)?
-16
Suppose -i + 12 = -0*i - 3*v, -5*i + 3*v + 72 = 0. Suppose 3*m - 8*m - i = 0. Let j(r) = r**3 + r**2 - 2*r + 4. What is j(m)?
-8
Suppose 5*r = 10 + 10. Suppose -3*z + 0*z + 28 = 4*m, 0 = -2*m - 3*z + 20. Let v(k) = 2 + 0 + 0*k**2 + m*k - k**2. Give v(r).
2
Suppose -4*m + 12 = -3*v - 14, -5*m = v - 23. Let z(r) = r**3 - 5*r**2 - 6. What is z(m)?
-6
Let j(s) = -s**2 + 3*s + 1. Suppose 6*z = -5*z + 44. Give j(z).
-3
Let m(y) = 4*y - 2. Let c be m(3). Suppose 4*t = -2*q + 14, 5*t + q - 26 + c = 0. Let g(i) = -3*i